igit of f?
3
Let g(w) = -w - 5. Let l be g(-6). Suppose -2*m - 7 - l = 0. What is the units digit of (-7)/(-28) + (-35)/m?
9
Suppose 3*q = 2*g + 149, 0 = -6*q + 2*q + g + 207. What is the tens digit of (-4)/(-8)*(-1 + q + 0)?
2
Let c be 0 - (-4)/(-1) - -75. Let f = 164 - c. What is the units digit of f?
3
Let g = -1031 - -1555. What is the hundreds digit of g?
5
Let w = -1475 + 3200. What is the hundreds digit of w?
7
Suppose 2*y + 3*z - 3 - 2 = 0, 5*y + z - 32 = 0. Let c(r) = 10*r + 3*r**2 + r - 20*r + y*r. What is the tens digit of c(4)?
4
What is the thousands digit of (-549)/108*-6*104?
3
Let u(k) = -k**3 - 12*k**2 + 28*k + 3. Let p be u(-14). Suppose 0 = -f - 3*x - 2*x + 4, -4*f + p*x = -108. What is the tens digit of f?
2
Let r be (-380)/(-16) + 2/8. Let x = -22 + r. Suppose -4*g + x*g = -14. What is the units digit of g?
7
Let u = 41 + -8. Let w be ((-319)/u)/((-1)/(-3)). Let k = w + 56. What is the units digit of k?
7
Let x(y) = y**3 - 4*y**2 + 7*y - 8. Let c be x(3). Suppose 0 = -2*z + 3*m + 96 + 234, -c*z + 5*m = -658. What is the units digit of z?
2
Let o(m) = 8*m**2 - m + 1. Let a be o(1). Let y be 430/a + (-3)/(-12). Suppose -4*d = 2*k - 32, 4*d = 5*k - 8*k + y. What is the tens digit of k?
2
Suppose -9*c = 5*k - 8*c - 2543, c = -2. What is the tens digit of k?
0
Let o(u) = u**2 - 3*u + 1. Let g be o(4). Let n be (-32 - -27)*(-6)/5. Suppose -39 = -g*z - 2*j, -z + n*z - 4*j - 57 = 0. What is the units digit of z?
9
Let u = -9 - -14. Suppose 0 = u*r - 233 + 8. What is the tens digit of r?
4
Let b = 87 + -85. Let j = -178 - -115. What is the units digit of -1*b*j/14?
9
Let a be (-5)/30 - 43/(-6). Suppose 35 = a*o - 266. What is the units digit of o?
3
Suppose -6*j = -4*j + 18. Suppose -2*q = u + 20, -3*u - 54 = 4*q - 14. Let y = j - q. What is the units digit of y?
1
Let d = -1148 - -1678. What is the hundreds digit of d?
5
Let q(t) = t**2 - 7*t + 5. Let a be q(7). Suppose -a*n = -4*i - 149, 0 = 2*n + 4*i - 129 + 47. Suppose n = 2*z - z. What is the tens digit of z?
3
Suppose 690 = 4*r - 642. What is the tens digit of r?
3
Let x(q) = -q**2 - 17*q - 25. Let s be x(-10). What is the units digit of 18/(-6) + -2 + s?
0
Let f(v) = -v**3 - 10*v**2 - 4*v - 8. What is the units digit of f(-11)?
7
Let c be 6*(2 - 4 - 0). Suppose 7*y = 2*y + 40. Let o = y - c. What is the tens digit of o?
2
Let h(k) = -19*k + 15. Suppose 48 = -8*z - 4*z. What is the units digit of h(z)?
1
Let s be (-1)/(-3) + 3/(-9). Suppose 3*o - 3*f - 16 - 2 = 0, s = -5*o - 4*f - 6. Suppose 8*c - o*c - 300 = 0. What is the units digit of c?
0
Let x(a) = 5*a - 2. Let s be 2/(-5) - 68/(-20). Let y be x(s). Suppose 8*r - y*r = -30. What is the units digit of r?
6
Suppose 4*a - 257 = -1313. Let h be (a/(-36))/((-1)/(-3)). Suppose 2*v = 3*g - 1 + 65, -h = -v + 4*g. What is the units digit of v?
8
Suppose -26*r - 34*r = -148020. What is the hundreds digit of r?
4
Suppose 3*n + 3*n = 1164. What is the tens digit of n?
9
Let p = 1650 - -2818. What is the tens digit of p?
6
Let o(b) = -26*b + 5. Suppose -3*r = d + r + 24, -2*d = -3*r - 7. Let q be o(d). Suppose 4*f = -17 + q. What is the tens digit of f?
2
Suppose 2*m - 3*t + 4 - 14 = 0, -3*t + 34 = 2*m. Let x be (1 - m)*9/(-18). Suppose -29 - 51 = -x*f - g, 5*f - 50 = 5*g. What is the tens digit of f?
1
What is the hundreds digit of 583 + 7 + -15 + -2?
5
Suppose -x = -5*j + 3*x + 1696, 676 = 2*j - x. What is the units digit of j?
6
Let f = 40 - 36. Let o = 34 - f. What is the units digit of o?
0
Suppose -1659 = -9*w - 12*w. What is the tens digit of w?
7
Let c = 64 + -18. What is the tens digit of c?
4
Let x be -5*-8*(-4)/(-20). Suppose 96 = -4*h + x*h. What is the tens digit of h?
2
Let c(h) = -h**3 - 12*h**2 + 1. Let f be c(-10). Let g = 320 + f. What is the tens digit of g?
2
Let o(i) = i**2 - 4*i + 1. Let x be o(4). Suppose -4*c = 3*b - x, b + c = 3 - 2. Suppose 0 = y - b*y + 34. What is the tens digit of y?
1
Suppose 16 - 16 = -5*w. Suppose w*q = 4*q - 492. What is the hundreds digit of q?
1
Let a = 16 + -19. What is the tens digit of -1 - (-24 + (-1 - a))?
2
Let r = 33 - 31. Suppose y = 3*t - 211, -r*t - 71 = -3*t + y. What is the units digit of t?
0
Suppose t = 4*t + 474. What is the units digit of (-2)/(-4)*t/(-1)?
9
Let l(f) = f**3 + 17*f**2 + 24*f - 33. What is the tens digit of l(-11)?
2
Let c(r) = -r**3 - 7*r**2 - 7*r + 1. Let q be c(-6). Let w(y) = y**2 - 3*y - 1. Let v be w(q). What is the units digit of (-3)/3 + 2 + v?
8
Let o = 4 + 2. Suppose o*c = 5*c + 177. What is the hundreds digit of c?
1
Let y = -13 + 3. What is the tens digit of 285/y*2/(-3)?
1
Let f be (148 + 2)/((-33)/(-44)). Let v = -75 + f. What is the hundreds digit of v?
1
Suppose -266 = 3*y - 4*q - 886, 5*q = 2*y - 411. Suppose 4*p = 5*m - y, -7*p + 9*p + 126 = 3*m. What is the units digit of m?
4
Suppose 3*i - 5*y = -y + 18, 3*y + 15 = 3*i. Suppose 2*o - 26 + i = 0. Let j = 46 - o. What is the tens digit of j?
3
Suppose 3*h - h - 3238 = -4*c, -h = -5*c + 4037. Suppose -4*r + 1096 = -4*q, -c = -3*r - 7*q + 3*q. What is the tens digit of r?
7
Let n be (-75)/20 + 1/(-4). Let z be (-210)/13 + (-4)/(-26). Let g = n - z. What is the units digit of g?
2
Let s(v) = -v**2 - 10*v - 4. Let f be s(-9). Suppose 0 = -f*n + d + 1393, -2*d - 289 = -n - 7*d. What is the hundreds digit of n?
2
Suppose 5*w = 2*b + 722, 5*b - 571 = -5*w + w. Let n = 242 - w. What is the tens digit of n?
9
Let r = 16 + -5. Let k = r + -11. Suppose k = -4*t + 2*t + 58. What is the units digit of t?
9
Suppose -4*k = -15 - 1. Suppose -5*g - k*w + 341 = 0, 4*g - 73 - 205 = 2*w. Suppose -2*b - q + 5*q = -66, 3*b + 4*q - g = 0. What is the tens digit of b?
2
Let z(b) = -39*b - 171. What is the units digit of z(-7)?
2
Suppose 42*y = 43*y + 498. Let j = -316 - y. What is the units digit of j?
2
What is the units digit of (-11025)/(-450)*788/7?
8
Suppose -8 = -5*t + 3*t. Suppose 4*j - 41 = -t*v + j, -v - 1 = 3*j. What is the units digit of v?
4
Let h = 3111 - 1419. What is the units digit of h?
2
Let u(q) = 12*q - 51. Let a = 13 - 8. What is the units digit of u(a)?
9
Suppose -x - 4*a + 5 = 0, 11*x - 8*x + 2*a = 65. What is the units digit of x?
5
Suppose q = -3*q + 216. Suppose -108 = -3*n + 7*n - 4*p, 2*n + 47 = -5*p. Let v = n + q. What is the tens digit of v?
2
Let y(i) = 291*i - 49. What is the tens digit of y(13)?
3
Let b(j) = j**2 - 5*j + 4. Let n be b(8). Let g = n - 28. Suppose g = -2*i - 3 + 13. What is the units digit of i?
5
Let f(j) be the second derivative of -1/12*j**4 + 0 + 3/2*j**2 - 11/6*j**3 - 4*j. What is the tens digit of f(-9)?
2
Suppose 42*r - 5294 = -2*k + 37*r, 10604 = 4*k + 2*r. What is the tens digit of k?
5
Suppose -3007 = -12*r + 3365. What is the hundreds digit of r?
5
Suppose 3*o - 80 = -2*o. Suppose 3*y = 4*d - o, 3*d - 14 = -4*y - 2. Suppose -4*w + 9*w = 5*m + 35, y = 3*w + 5*m - 5. What is the units digit of w?
5
What is the hundreds digit of ((-14940)/(-48) + (-4)/(-16))*2?
6
Let c(h) = 47*h + 45*h - 16*h. Let s be c(-1). Let f = s - -107. What is the tens digit of f?
3
Let v(w) be the second derivative of -7/2*w**2 + 1/6*w**3 + 1/12*w**4 + 0 + 6*w. What is the tens digit of v(-5)?
1
Let s be 0 + -184 - -4 - -2. What is the units digit of (-1)/((-8)/s)*(-8 - -4)?
9
Suppose -18*h + 1509 = -3945. What is the hundreds digit of h?
3
Suppose -88 = 50*g - 51*g. Let s = 210 - g. What is the tens digit of s?
2
Let t = 6 + 0. Suppose -5*d + t = -4. Let j(v) = 7*v**2 + 4. What is the tens digit of j(d)?
3
Let s(w) = 0 - 15*w + 23 + 7 + 14*w. What is the units digit of s(21)?
9
Suppose -15*f - 1896 = -39*f. What is the tens digit of f?
7
Let n = -20 + 29. Let i = n + -5. Suppose -5*u + 11 + i = 0, 2*m - 18 = -4*u. What is the units digit of m?
3
Let w = -2668 + 4919. What is the units digit of w?
1
Let m(j) be the second derivative of 23*j**3/6 + 9*j**2/2 - 4*j. Let i(u) = 8*u + 3. Let b(l) = -17*i(l) + 6*m(l). What is the units digit of b(6)?
5
Suppose 4*l - 2 - 12 = d, -3*l - d = -7. Suppose 0 = -w + 5*y + 91, -2*y - l = -13. What is the units digit of w?
6
Let c = 13 - -1. Suppose -15*k + c*k + 78 = 0. What is the tens digit of k?
7
Let h(o) = -o**3 + 7*o**2 - 2*o + 6. Let w be h(7). Suppose -34 = 4*z + 30. Let y = w - z. What is the units digit of y?
8
Suppose 95*c 